ivided by p.
12
Suppose 0 = -w + 3*w. Let f(r) = -1 + 2 + r + 0. Calculate the remainder when 1 is divided by f(w).
0
Let s = -21 + 145. Suppose -4*z + s = -4*w, 3*w = w - 10. What is the remainder when z is divided by 7?
5
Let t(q) = -q**2 + 18*q - 20. What is the remainder when t(14) is divided by 13?
10
Suppose -3*v - 55 = -4*t, 4 + 11 = t - 2*v. Calculate the remainder when 62 is divided by t.
10
Suppose a - 5*d - 52 = 0, -3*a - 2*d + 72 = -101. What is the remainder when a is divided by 12?
9
Suppose -d + 0*d = 6. Let f = d - -23. Calculate the remainder when 67 is divided by f.
16
Let r(q) = q**2 - 4. Let i be r(-3). Let g be 2/i - 36/15. Let n = g + 18. What is the remainder when 30 is divided by n?
14
Let t = 0 - -4. Suppose -t*a = -9 - 3. Suppose -5*y + y + f = -30, -a*y - f = -19. What is the remainder when 13 is divided by y?
6
Suppose -3*s = 2*b - 20, -s - 5*b - 3 + 27 = 0. Suppose -3 = -s*x - 19. Calculate the remainder when (45/(-12) + -2)*x is divided by 8.
7
Suppose 4*y + 8 = 0, -1 = -n - 0*n - 5*y. Let c = -35 - -18. Let v = 3 - c. What is the remainder when v is divided by n?
9
Let s = 53 + -18. Suppose -292 = -17*d - 88. Calculate the remainder when s is divided by d.
11
Let c(i) = -8*i - 7. Let j be 258/(-90) + (-2)/15. What is the remainder when c(j) is divided by 9?
8
Suppose 3*d - 4 - 2 = 0, l + d = 1. Calculate the remainder when 18 is divided by (-70)/(-42)*(l + 4).
3
Suppose -t - 12 = -18. Suppose 2*x - t = -x, -3*h - 3*x = -90. Suppose 3*w + 2*i = 14 + 25, -4*w + 75 = -5*i. Calculate the remainder when h is divided by w.
13
Suppose 3*v + 5*r = -119 + 313, -r + 190 = 3*v. What is the remainder when v is divided by 36?
27
Let r be 2/(-1 + (-346)/(-342)). What is the remainder when r/6 + 1/(-2) is divided by (-4)/(-5)*50/4?
8
Suppose 0 = a - 57 - 6. Calculate the remainder when a is divided by 13.
11
Let x(f) = -2*f - 2. Let w be x(-2). Suppose 0 = -0*c - w*c + 16. Let m = -3 + c. Calculate the remainder when 8 is divided by m.
3
Let i(w) = -8*w - 7. Let b be i(-6). Suppose 4*k - 15 = b. Let u = 28 - -13. What is the remainder when u is divided by k?
13
Suppose 0 = 2*z - 65 - 59. What is the remainder when 19 is divided by (-1)/3 - z/(-6)?
9
Let l = -29 + 35. What is the remainder when 16 is divided by l?
4
Let m be 404/8 + (-1)/2. Suppose 5*n - m = -0*n. Let a = -38 + 66. Calculate the remainder when a is divided by n.
8
Let l = 1 - -24. Calculate the remainder when l is divided by 14.
11
Let m be 1 + (-1 - 0/2). Suppose v = -2*j + 12, -4*j - 4*v - 16 + 48 = m. Let g(h) = -h**2 + 5*h + 3. What is the remainder when 19 is divided by g(j)?
5
Let n(i) = -i. Let o be n(-3). Let j = o + 5. Calculate the remainder when 3/4*(22 - 2) is divided by j.
7
Suppose 10 = 4*m + m. Suppose m*a - 8 = 0, -o + 3*a = -2*o + 46. What is the remainder when o is divided by 9/((-45)/(-40)) - -4?
10
Let o be 4/6 - 420/(-18). Suppose -2*t + 9 = w, 2*t - o = 4*w - 2*w. What is the remainder when 25 is divided by t?
4
Suppose 2*k + v - 3*v = 134, 3*v + 325 = 5*k. What is the remainder when k is divided by 16?
14
Suppose 0 = w + w - 68. Calculate the remainder when 135 is divided by w.
33
Let r = -2 - -25. Calculate the remainder when 67 is divided by r.
21
Let i = 4 + 22. Calculate the remainder when i is divided by 7.
5
Let w = -11 - -30. Calculate the remainder when 73 is divided by w.
16
Let h(x) = 4*x**2 + 2*x + 1. What is the remainder when h(5) is divided by 38?
35
Let u(s) = 10*s - 11. Let h(n) = 5*n - 6. Let v(k) = -7*h(k) + 4*u(k). Calculate the remainder when v(8) is divided by 20.
18
Suppose 5*y = y + 64. Let j = y - 8. What is the remainder when 23 is divided by j?
7
Suppose 6*c - 224 = -8*c. Calculate the remainder when 30 is divided by c.
14
Let j be (-1)/(((-6)/(-14))/3). Let g be (-2226)/(-54) - (-2)/(-9). Let k = g + j. Calculate the remainder when k is divided by 12.
10
Let c(b) = -15*b + 45. Let x(v) = -7*v + 23. Let h(o) = -6*c(o) + 13*x(o). What is the remainder when h(0) is divided by 16?
13
Let n(d) = d + 12. Let q be n(0). Suppose q = 3*c, m - 68 = -m - c. Calculate the remainder when m is divided by 9 - (-3 + 2 + -1).
10
Calculate the remainder when (-909)/(-18) - (-2)/(-4) is divided by 13.
11
Let r(j) = j**3 + 4*j**2 - 2*j. Suppose -36 = -3*d - d. Calculate the remainder when r(-4) is divided by (-6)/d - 34/(-6).
3
Let g = -21 - -46. Suppose -2*j - 11 = -g. What is the remainder when 26 is divided by j?
5
What is the remainder when 15 is divided by 4/14 + (-138)/42 + 6?
0
Let z = 7 + -4. Suppose -3*j + 2*j = 4*k - 5, z*j = -4*k + 39. Calculate the remainder when (-12)/(-16) + (-125)/(-4) is divided by j.
15
Calculate the remainder when 46 is divided by (2 - (-6)/(-4)) + (-104)/(-16).
4
Suppose v - 5 + 3 = 0. Let l be 92/8 - v/4. Let j = l - 2. Calculate the remainder when j is divided by 4.
1
Suppose 8*a = 13*a - 525. Calculate the remainder when a is divided by 12.
9
Suppose -6 = -3*a + 2*k, -4*k = -k. Suppose 3*u = 47 - a. Let b = 103 - 60. Calculate the remainder when b is divided by u.
13
Let p(s) = 3*s**2 - 3*s - 5. Calculate the remainder when p(-2) is divided by (-22)/(-3) - 1/3.
6
Suppose 0 = -7*y + 4*y + 9. Suppose 3*a = y*x - 2 + 47, a = 2*x + 19. What is the remainder when a is divided by 7?
4
Let i = 79 - 62. What is the remainder when (16/(-6))/((-2)/36) is divided by i?
14
Let c(f) = 8*f**2 - 7*f + 11. Calculate the remainder when 85 is divided by c(2).
27
Let g(j) = j**2 + 3*j + 3. Let y be g(4). Suppose 0 = -3*h - 2*f + y, 6*h - 43 = 2*h - f. What is the remainder when 31 is divided by h?
9
Suppose u + 0*u = 2. Calculate the remainder when 14 is divided by 5*(18/5 - u).
6
Let x be ((-6)/(-9))/(1/6). Suppose v + q + 101 = 4*v, -v - x*q + 12 = 0. What is the remainder when v is divided by 17?
15
Let f(l) = -l - 1. Let j be f(-2). Suppose j + 1 = y. Calculate the remainder when -1 + 3 + 12*y is divided by 14.
12
Let l be (8/(-20))/(3/(-120)). Suppose 0 = -4*w + 48 + l. What is the remainder when 29 is divided by w?
13
Suppose -3*h + 12 = 0, -4*s - 2*h - 4 = -0*h. Let v = -1 - -7. What is the remainder when (s/6)/(1/(-22)) is divided by v?
5
Let f(v) = -v**3 + 9*v**2 + v - 7. Let i be f(9). Suppose 30 = 7*h - i*h. What is the remainder when 22 is divided by h?
4
Let u = -4 - -9. Calculate the remainder when 14 is divided by u.
4
Suppose 0 = -3*l - i + 9, -2*i + 0 + 8 = l. Suppose -11 + l = -3*r. Let j(n) = -n + 17. Calculate the remainder when j(13) is divided by r.
1
Let q = 10 - -13. Let b(l) = l**3 + 3*l**2 - 3*l + 3. Let j be b(-4). What is the remainder when q is divided by ((-6)/(-9))/(j/(-18))?
11
Suppose 5*x + 3*v = 24, 0 = 5*x - 3*v - 21 - 15. Let w be ((-4)/x)/((-2)/(-72)). Calculate the remainder when 14 is divided by w/(-15)*(4 - -1).
6
Let s(h) = 2*h + 8. What is the remainder when 62 is divided by s(3)?
6
Let n = -2 - 0. What is the remainder when 25 is divided by 1/((-50)/26 - n)?
12
Suppose 47 = 3*f - 4. Let m = 30 + 35. What is the remainder when m is divided by f?
14
Let d(f) = 5*f**2 + f. Let u be d(1). Suppose u*k = -5*o + 3*k + 303, -3*o + 2*k + 178 = 0. Calculate the remainder when o is divided by 31.
29
Let c(v) = 2*v**2 + 9*v + 3*v**2 - 2 - 6*v + 1. Calculate the remainder when 97 is divided by c(2).
22
Let m = -24 - -46. What is the remainder when 108 is divided by m?
20
Let w = 2 + -2. Suppose -76 = -w*x - 4*x. What is the remainder when 16/2*(-1 + 8) is divided by x?
18
Let p(l) = 3*l**3 + 108*l**2 - 3*l - 95. Calculate the remainder when (46/(-6))/((-1)/3) is divided by p(-36).
10
What is the remainder when 24 - (0 + -2 + 3) is divided by 8?
7
Suppose -2*x = 2*x - 96. Suppose 3*d = -5*v + x + 23, 4*d + 3*v - 48 = 0. Calculate the remainder when (-83)/(-5) + (-3)/5 is divided by d.
7
Let q = 103 + -88. Calculate the remainder when 86 is divided by q.
11
Let f(o) = o**2 - 5*o + 1. Calculate the remainder when 4 is divided by f(5).
0
Let g(m) = m**2. Let o(p) = -7*p**2 - 4*p + 13. Let a(x) = -6*g(x) - o(x). Calculate the remainder when a(-9) is divided by 17.
15
Suppose 3*c = -2*c + 25. Suppose c = 3*t - 49. What is the remainder when t is divided by 10?
8
Let g = -2 + 16. Suppose -26*x = -23*x - 75. Calculate the remainder when x is divided by g.
11
Calculate the remainder when